ommon divisor of u and 240.
48
Let i be ((1480836/24)/61)/(1/8). Calculate the greatest common divisor of i and 56.
28
Suppose -3*k - 2*g = -3, 6*k - k - 5 = -4*g. Let u be (0 + 1)/(k/(-57)). Let y = -53 - u. What is the highest common divisor of y and 10?
2
Let s = -2296 - -2332. Let j = -1 + 9. What is the highest common factor of s and j?
4
Suppose 0 = 2*j - 2*s - 270, 2*s = -j + 36 + 102. What is the highest common divisor of 425 and j?
17
Suppose 45720 = 19*w + 37622 - 196931. What is the greatest common factor of 22 and w?
11
Suppose 3*f = 2*u - 1035, 3*u + 4*f = 2291 - 696. Let t = -453 + u. What is the greatest common divisor of 360 and t?
72
Let k(m) = -m**2 - 32*m - 54. Let j be k(-30). Let c be (-2)/(8/j)*(-198432)/216. Calculate the highest common factor of c and 26.
26
Let s be 5460 - (1 + (-8)/(-6)*6/4). What is the highest common factor of 153 and s?
51
Suppose -63*c + 2746 = -33038. Calculate the greatest common divisor of c and 288.
8
Suppose -3*b + 20 + 22 = 0. Suppose -29876 = -3*w - 4*w. Let g be 2/7 - w/(-154). Calculate the greatest common factor of b and g.
14
Suppose -41*k = 86*k - 5002 + 1954. Calculate the highest common divisor of k and 10464.
24
Let s = -6344 + 6384. Calculate the highest common divisor of s and 2540.
20
Suppose 0 = -l - 18 - 101. Let v = 119 + l. Suppose -5*s - 199 + 1564 = v. What is the highest common factor of 39 and s?
39
Let l be ((-36)/(-14) - 2)*7. Suppose -b + 8*x = l*x - 64, 4*x + 384 = 5*b. Let f be (-5 - 0)*(-16)/b. What is the highest common divisor of 5 and f?
1
Let c = 9245 + -7395. What is the highest common divisor of 100 and c?
50
Suppose -8 = -2*l - 3*w, 2*l + 4*w - 23 = -15. Let m be 2*(-2 - -1 - 0). Let n be ((-2)/m)/(l/(-384)*-4). Calculate the greatest common factor of 120 and n.
24
Let k(p) = 2*p**2 - 47*p - 21. Let n be k(24). Suppose 4*m = -n*t + 217, m = -0*m + t + 49. Calculate the highest common divisor of m and 260.
52
Let g(x) = x**3 - 21*x**2 - 23*x + 764. Let y be g(22). Calculate the highest common factor of y and 42.
14
Let t(s) = -10*s**2 - 18*s - 38. Let a be t(-10). Let i = a - -972. What is the highest common factor of 54 and i?
6
Suppose 20*c + 6581 = -23*c + 75639. Calculate the highest common divisor of c and 22.
22
Suppose -u - 2*d + 10 = 0, 40 = 11*u - 6*u + 5*d. Let n(v) = 18*v - 12. Let z be n(15). What is the highest common factor of u and z?
6
Let j = -17492 + 23484. What is the greatest common factor of 168 and j?
56
Let h(b) = -1468*b - 4682. Let a be h(-13). Calculate the greatest common divisor of a and 38.
38
Suppose -3*y = 5*d - 3*d - 10918, -16415 = -3*d + 5*y. Suppose -6*h + d = 2003. Suppose 5*t - h - 248 = 0. Calculate the highest common factor of t and 15.
15
Let p(i) = i**2 + 3*i + 4. Let w be p(-4). Suppose -1032 + 64 = -w*m. Calculate the greatest common factor of m and 11.
11
Let m = -892 - -1414. Let a = 525 - m. Calculate the greatest common factor of a and 51.
3
Suppose -3*a - 8 = -a. Let d be (0 - (a + 4))/(-1). Suppose 5*l = -2*k + 18, -3*l + 0 - 6 = d. What is the greatest common factor of k and 126?
14
Let q(h) = 11*h**2 - 275*h - 558. Let a be q(-2). Calculate the greatest common factor of 19800 and a.
36
Suppose y = -3*z + 261, -4*y - 83 = -z - 3*y. Let k = -80 + z. What is the highest common divisor of k and 15?
3
Let m be ((-869)/44)/((-3)/36). Suppose -5*f + 617 + 19 = -2*l, 2*f + 5*l - m = 0. Calculate the greatest common factor of f and 70.
14
Suppose 3*h - 4 - 2 = 0, -4*h = 5*s + 27. Let c be (-10)/((s/11)/7). Calculate the greatest common factor of c and 22.
22
Let t(u) = u. Let f(l) = -135*l - 4. Let w(p) = -f(p) + 6*t(p). Let r be w(3). What is the highest common factor of 122 and r?
61
Suppose -6614835 = -147*h + 708411. Calculate the highest common divisor of h and 138.
138
Suppose -4*p - 374 = -82*k + 80*k, 3*p = k - 185. What is the greatest common divisor of 5539 and k?
191
Suppose -3*o + 524 - 1325 = -3*s, o = 3*s - 797. What is the highest common factor of s and 20?
5
Let p be ((-390)/40)/((-244181)/30520 - -8). What is the highest common factor of 109 and p?
109
Suppose -20*k + 21*k = -710. Let i = -405 - k. Suppose -2*d - 75 = -s - 0*s, -i = -4*s + 3*d. What is the highest common divisor of 7 and s?
7
Suppose 4*k + 2*t = 39 + 1, -5*k + 41 = t. What is the highest common factor of 917 and k?
7
Suppose 7*k - 308 = -0*k. Let l(j) = -7*j + 380. Let i be l(26). What is the greatest common divisor of i and k?
22
Let x(c) = 14*c**2 - 15*c + 63. Let q be x(6). Suppose -w = 5*d - 188 - 259, w = 5*d + q. What is the highest common divisor of w and 66?
66
Let w be (-1790)/(-16) - (39928/(-1984) + (-60)/(-3)). Calculate the highest common divisor of w and 15876.
28
Suppose 0 = 584*t - 617*t + 39468. What is the highest common factor of 156 and t?
52
Suppose -4*o - g = 541, -2*o - 293 = -0*g + 5*g. Let d = o + 167. What is the highest common factor of d and 297?
33
Let c(p) = 17 - 19 + p + 2*p - 22. Let s be c(8). Suppose s = -45*g + 46*g - 2. Calculate the greatest common factor of g and 2.
2
Let p(r) = -r**3 + 96*r**2 + 140*r - 172. Let b be p(97). What is the highest common factor of 93 and b?
93
Let j = -1667 - -1997. Calculate the greatest common divisor of 180 and j.
30
Let a(m) = 160*m - 3332. Let h be a(21). Suppose 3*u - x - 9 = 2*x, -2*x - 30 = -5*u. What is the greatest common divisor of u and h?
4
Suppose -48*j = -51*j - 69369. Let v be j/(-513) + (-4)/54. Calculate the highest common factor of v and 165.
15
Let l be 2/(45/((-55125)/(-50))). Calculate the highest common divisor of l and 2009.
49
Suppose 4*g = 18*s - 14*s - 20, -5*s + g = -45. Let q = -69 + 199. What is the greatest common factor of q and s?
10
Let y(p) = p**2 - 16*p + 91. Let o be (-222)/(-30) - (-3)/5. Let z be y(o). Calculate the highest common divisor of 63 and z.
9
Let b be (6/(-5))/((-5)/(125/10)). Suppose 5*a + b*a + 8 = 0. Let i be -1*(33 + 3)*a. What is the highest common divisor of 108 and i?
36
Suppose 4*r - 3*g = 2*g + 235, -2*g - 6 = 0. Suppose -3*h = -124 + r. What is the greatest common factor of h and 1?
1
Suppose 4*a - 8 = 0, 5*f + 5*a + 29 = 119. Let w = -6 - -6. Suppose w = -2*i - 4 + 8. Calculate the greatest common factor of i and f.
2
Let z(v) = v**2 - 18*v - 53. Let r be z(28). Let l = r - 119. Suppose -5*x + 16 + 44 = 0. What is the greatest common divisor of x and l?
12
Suppose -412*o + 123*o = -8092. What is the greatest common factor of o and 60172?
28
Let a be (-2)/(-6) - (-3)/27*717. Let n = -19 + 24. What is the greatest common divisor of a and n?
5
Let g = -4339 - -11870. Calculate the highest common factor of g and 102.
17
Suppose -c + 126 = 2*c. Let g be ((-78)/(-9))/((-14)/(-12))*9*(-84)/(-72). What is the highest common divisor of c and g?
6
Suppose 55*v - 9*v - 148850 = -19*v. What is the greatest common divisor of 20 and v?
10
Suppose -185*q + 18582 - 5262 = 0. Calculate the greatest common factor of 3240 and q.
72
Suppose -48 = -5*b + 152. Let t = -12680 - -12684. Suppose t*m - 5*m + b = 4*h, -3*m - 30 = -3*h. Calculate the highest common divisor of 250 and h.
10
Let x be (342/10)/(45/150). What is the highest common factor of 21774 and x?
114
Let y(x) = -x**3 - 3*x**2 + 62*x + 348. Let j be y(-6). Calculate the greatest common factor of 2592 and j.
12
Suppose -28*a + 2*u = -27*a - 1469, -5*u = -a + 1472. What is the highest common factor of 326 and a?
163
Let u = -1121 + 531. Let q = u - -1196. Suppose -221 + q = 7*f. What is the greatest common factor of f and 5?
5
Let z = -54 + 77. Let a be ((-1)/(5/(-4)))/((-1)/(-5)). Suppose -4*w + 2*k + 370 = 0, -k = -a*w - 5*k + 364. What is the greatest common factor of w and z?
23
Suppose -2*q - 56*s + 322 = -50*s, 2*q - 3*s - 259 = 0. What is the highest common factor of q and 11410?
70
Suppose 12*f - 10*f = 13 + 117. What is the greatest common factor of 1248 and f?
13
Let u be -42 - -35 - (-1 - 244). Let w be 0 - (2 - (-8 + 78)). What is the greatest common factor of w and u?
34
Let q be (-18)/(5 - 21/6). Let v be 9100/308 + q/22. What is the greatest common divisor of v and 232?
29
Suppose 39 = 2*o + 13. Suppose -3*a + 483 = -336. Let i be (-8)/(7/(a/(-6))). Calculate the greatest common factor of o and i.
13
Let x(z) = 2*z**3 - 29*z**2 - 4*z - 35. Suppose -